2154062 (base 7) in base 16?
-40d36
110221030 (base 4) to base 14
22b5a
-2848465 (base 10) to base 11
-1676104
What is -1034243101 (base 5) in base 12?
-90b467
What is -328547 (base 9) in base 16?
-2ffc5
What is 8a41 (base 12) in base 13?
6c7c
-12001222121021 (base 3) to base 4
-22102101121
What is 11101100010001001110 (base 2) in base 15?
141b23
What is -378ca (base 15) in base 8?
-532522
77512 (base 13) to base 16
34c66
-2372376 (base 11) to base 15
-5693d0
What is -10011011100000010010001 (base 2) in base 6?
-301114333
What is 373063 (base 8) in base 2?
11111011000110011
Convert 490325 (base 14) to base 10.
2497661
1a81c (base 16) to base 11
74632
What is -10210000210 (base 3) in base 9?
-123023
-18bb773 (base 13) to base 12
-2884940
What is -8743982 (base 11) in base 3?
-1001220112212112
What is -26724452 (base 9) in base 16?
-c92d50
Convert -81765 (base 9) to base 14.
-1589d
What is -10230201202 (base 4) in base 9?
-2275477
Convert -3237d (base 14) to base 11.
-83266
What is ac8bc0 (base 14) in base 6?
325401512
What is -18bb3e (base 16) in base 6?
-54423410
Convert 51dd1 (base 14) to base 4.
300032303
What is 66513 (base 7) in base 10?
16719
What is -453171 (base 8) in base 3?
-21210011102
What is 1214412 (base 6) in base 3?
10021111122
Convert -1326611 (base 7) to base 5.
-21101412
What is -11489 (base 10) in base 9?
-16675
-104455230 (base 6) to base 8
-7210542
What is 2210101000022 (base 3) in base 12?
5b662b
Convert -30010301102 (base 4) to base 3.
-12221210221002
Convert -31100042 (base 5) to base 4.
-331303123
Convert -563726 (base 8) to base 16.
-2e7d6
What is b9145c (base 13) in base 8?
20444636
What is 100100000100100111011011 (base 2) in base 5?
4410043331
1441779 (base 12) to base 3
21122121222210
-18648342 (base 10) to base 5
-14233221332
-21010011201012 (base 3) to base 4
-32123132222
Convert -660444 (base 7) to base 4.
-130030110
Convert -111424232 (base 5) to base 4.
-1321300010
-425050 (base 8) to base 3
-21012121020
Convert -312442440 (base 5) to base 14.
-25a75a
-435463 (base 13) to base 3
-2222101220201
What is 11232203130 (base 4) in base 13?
407508
Convert 62694e (base 16) to base 5.
3122340421
What is 24446535 (base 7) in base 15?
2d5db3
Convert -1112012220220 (base 3) to base 15.
-1105d0
Convert -1ab6a5 (base 13) to base 9.
-1248741
Convert -4364461 (base 9) to base 14.
-450b2c
What is 125857 (base 12) in base 2?
1001001010010000011
2312312211 (base 4) to base 7
6236400
What is 11430402 (base 5) in base 13?
3a352
-57354 (base 8) to base 5
-1234200
-2114354 (base 7) to base 4
-332201000
What is 11100101 (base 2) in base 6?
1021
-32784 (base 10) to base 9
-48866
Convert 10110000001001010111 (base 2) to base 4.
2300021113
-6426651 (base 11) to base 16
-ac9a04
Convert -97a0b5 (base 15) to base 10.
-7222670
What is 565038 (base 10) in base 15?
b2643
What is 221200112111210 (base 3) in base 15?
12e9a9c
Convert -5225040 (base 9) to base 16.
-2a9aaa
What is -2876657 (base 9) in base 2?
-110000011001111000001
133103032012 (base 4) to base 7
126512560
What is -11a5541 (base 11) in base 15?
-2b3287
Convert -166efd (base 16) to base 10.
-1470205
What is -312223201 (base 4) in base 16?
-36ae1
-646566 (base 8) to base 11
-138682
What is 1000220001 (base 4) in base 5?
31432310
What is 7422724 (base 9) in base 14?
755472
-2213101121 (base 4) to base 12
-2905b5
Convert 6227b6 (base 13) to base 4.
20233032232
Convert -100001000110101 (base 2) to base 9.
-25222
Convert -110051241 (base 6) to base 5.
-1000410340
1202130404 (base 5) to base 6
135215241
Convert 2110122100112 (base 3) to base 11.
816580
Convert -10154231 (base 6) to base 8.
-1100353
-55045650 (base 8) to base 10
-11815848
20131021320 (base 4) to base 3
11011121120010
1bb23 (base 13) to base 5
3221431
Convert -71337360 (base 8) to base 9.
-31287722
-1000000011011111111101 (base 2) to base 13
-58c0cc
11111101011000011 (base 2) to base 16
1fac3
What is 1033230 (base 6) in base 4?
30201102
What is -2c783 (base 15) in base 6?
-3024040
13bb2 (base 16) to base 2
10011101110110010
1001011100010011011010 (base 2) to base 16
25c4da
13666334 (base 7) to base 10
1293968
What is -2445541 (base 6) in base 10?
-130885
9b0bc (base 15) to base 6
14322023
206613 (base 11) to base 10
330828
Convert 102331030 (base 4) to base 8.
227514
Convert -28153348 (base 9) to base 8.
-65043362
Convert -100002221100 (base 3) to base 16.
-2bc59
11ace7 (base 16) to base 12
47a433
b97329 (base 12) to base 8
13147021
181f97 (base 16) to base 13
434798
64115 (base 15) to base 4
1031200313
What is 57361b (base 12) in base 8?
5245267
Convert -a1675 (base 16) to base 11.
-411779
113300001 (base 5) to base 6
15130321
Convert 12ac3d (base 15) to base 14.
194d2d
Convert -13baea (base 15) to base 10.
-950845
What is -111100110000100111001 (base 2) in base 4?
-13212010321
What is 20b13a (base 15) in base 11?
973187
What is 1878b0 (base 13) in base 11?
391336
-672189 (base 10) to base 2
-10100100000110111101
63208 (base 9) to base 6
521055
8269693 (base 10) to base 15
ad542d
Convert -1121200222201 (base 3) to base 6.
-30234244
Convert 421042411 (base 5) to base 9.
3237026
What is -551066 (base 8) in base 16?
-2d236
What is 79c600 (base 14) in base 6?
224500012
1110010101000011 (base 2) to base 5
3334231
What is 10000101001101010010 (base 2) in base 9?
1021402
What is 15c8681 (base 13) in base 2?
11010110111111001011101
Convert -2833c6 (base 14) to base 16.
-153d62
What is 219a94 (base 15) in base 6?
54201151
What is -16706 (base 10) in base 13?
-77b1
-34398 (base 13) to base 14
-26931
27b992 (base 13) to base 16
ec680
-1615453 (base 7) to base 6
-4435401
What is 110100111111001111010 (base 2) in base 14?
332aa6
d0b82 (base 14) to base 5
112023203
-2180096 (base 11) to base 12
-1343566
Convert -8810a2 (base 11) to base 3.
-2122111000100
Convert -1608373 (base 11) to base 7.
-32236312
Convert 122562264 (base 7) to base 6.
434011120
Convert 1d4331 (base 15) to base 9.
2621851
-42042400 (base 5) to base 2
-1010100100111101000
Convert -4103203 (base 5) to base 15.
-14888
Convert -11001100111100 (base 2) to base 12.
-7710
1122033012 (base 4) to base 13
cc303
-235213200 (base 7) to base 3
-1000112001120120
What is -3641251 (base 7) in base 8?
-1611776
Convert -1120552 (base 7) to base 14.
-38bd2
What is 5d82e (base 15) in base 6?
10223312
What is -22fe3e (base 16) in base 5?
-1041341220
What is 2111121101 (base 3) in base 11?
34035
Convert -3670750 (base 10) to base 12.
-129033a
-8a8265 (base 14) to base 13
-c8b600
What is -62073 (base 13) in base 5?
-21111404
Convert 30008 (base 9) to base 7.
111260
What is 4c7466 (base 13) in base 5?
433002133
Convert 55135 (base 12) to base 11.
77588
What is -303083 (base 11) in base 6?
-14235421
Convert -10221322122 (base 4) to base 13.
-339555
50623 (base 7) to base 10
12316
-1001001101101001010 (base 2) to base 7
-2365112
Convert 5544624 (base 9) to base 8.
13300346
What is -410110322 (base 5) in base 6?
-55125130
Convert 5440141 (base 7) to base 2.
10100010011001000011
What is 55073500 (base 8) in base 7?
202346034
100222101011122 (base 3) to base 10
5302142
What is -b9a10b (base 12) in base 10?
-2941211
21002220210 (base 3) to base 5
13434113
Convert 2212011102012 (base 3) to base 9.
2764365
What is -a78ab (base 12) in base 9?
-365715
Convert -100001101110111001000 (base 2) to base 4.
-10031313020
What is -30424411 (base 5) in base 6?
-5155311
-200430 (base 5) to base 10
-6365
14301345 (base 6) to base 8
1675401
Convert 2c2 (base 15) to base 4.
21320
-643006 (base 7) to base 6
-2220041
What is 362a5 (base 13) in base 5?
11134323
What is -5546012 (base 7) in base 10?
-683951
Convert 43247604 (base 8) to base 9.
18374544
Convert b16b (base 16) to base 10.
45419
-30c171 (base 14) to base 7
-16665601
What is 102003303033 (base 4) in base 12?
1703813
Convert 1a91a7 (base 12) to base 15.
94cca
Convert -40083 (base 16) to base 2.
-1000000000010000011
Convert 221021221221 (base 3) to base 6.
14400554
Convert -1b4b3 (base 14) to base 4.
-100332211
What is -a0064 (base 11) in base 13?
-51899
Convert 361964 (base 11) to base 10.
573489
Convert 25a988 (base 11) to base 6.
12441122
What is 1131200302 (base 5) in base 3?
11220002122011
What is -40652402 (base 7) in base 12?
-11841bb
What is